{"id":137,"date":"2014-10-08T16:17:01","date_gmt":"2014-10-08T16:17:01","guid":{"rendered":"https:\/\/auditoria.usac.edu.gt\/?page_id=137"},"modified":"2019-07-26T17:02:06","modified_gmt":"2019-07-26T17:02:06","slug":"consejo-superior-universitario","status":"publish","type":"page","link":"https:\/\/auditoria.usac.edu.gt\/?page_id=137","title":{"rendered":"Consejo Superior Universitario"},"content":{"rendered":"<p><a href=\"https:\/\/auditoria.usac.edu.gt\/wp-content\/uploads\/2014\/10\/CSU-6-86.pdf\">CSU 6-86 Establecimiento del diferido 50%<\/a><\/p>\n<p><a href=\"https:\/\/auditoria.usac.edu.gt\/wp-content\/uploads\/2019\/07\/Acta-50-91-Punto-CUARTO-Pol\u00edticas-Salariales.pdf\">Acta 50-91, Punto CUARTO Pol\u00edticas-Salariales<\/a><\/p>\n<p><a href=\"https:\/\/auditoria.usac.edu.gt\/wp-content\/uploads\/2014\/10\/CSU-20-92.pdf\">CSU 20-92 Prohibici\u00f3n de contratar planilleros para actividades administrativas<\/a><\/p>\n<p><a href=\"https:\/\/auditoria.usac.edu.gt\/wp-content\/uploads\/2014\/10\/CSU-3-95.pdf\">CSU 3-95 Trabajadores de Planilla no se les debe descontar cuota plan Prestaciones<\/a><\/p>\n<p><a style=\"line-height: 1.714285714; font-size: 1rem;\" href=\"https:\/\/auditoria.usac.edu.gt\/wp-content\/uploads\/2014\/10\/CSU-11-96.pdf\">CSU 11-96 Lineamiento para el pago de indemnizaci\u00f3n<\/a><\/p>\n<p><a href=\"https:\/\/auditoria.usac.edu.gt\/wp-content\/uploads\/2014\/10\/CSU-31-95.pdf\">CSU 31-95 Honorarios para examinadores p\u00fablicos y privados<\/a><\/p>\n<p><a href=\"https:\/\/auditoria.usac.edu.gt\/wp-content\/uploads\/2014\/10\/CSU-25-96-Exceso-de-Horario.pdf\">CSU 25-96 punto 24 Sin Efecto Reglamento de Exceso de Horario<\/a><\/p>\n<p><a href=\"https:\/\/auditoria.usac.edu.gt\/wp-content\/uploads\/2014\/10\/CSU-25-96.pdf\">CSU 25-96 Reglamento de Escuela de Vacaciones CUNSUROC \u00a0y centros regionales<\/a><\/p>\n<p><a href=\"https:\/\/auditoria.usac.edu.gt\/wp-content\/uploads\/2014\/10\/CSU-12-2000.pdf\">CSU 12-2000 desconcentraci\u00f3n de funciones del Consejo Superior<\/a><\/p>\n<p><a href=\"https:\/\/auditoria.usac.edu.gt\/wp-content\/uploads\/2014\/10\/CSU-18-2000.pdf\">CSU 18-2000 pago de bono mensual<\/a><\/p>\n<p><a href=\"https:\/\/auditoria.usac.edu.gt\/wp-content\/uploads\/2014\/10\/CSU-20-2000.pdf\">CSU 20-2000 modificaci\u00f3n al bono mensual<\/a><\/p>\n<p><a href=\"https:\/\/auditoria.usac.edu.gt\/wp-content\/uploads\/2014\/10\/CSU-21-2000.pdf\">CSU 21-2000 Modificaci\u00f3n el bono mensual<\/a><\/p>\n<p><a href=\"https:\/\/auditoria.usac.edu.gt\/wp-content\/uploads\/2014\/10\/CSU-1-2001.pdf\">CSU 1-2001 Bono de Incentivo programas autofinanciables<\/a><\/p>\n<p><a href=\"https:\/\/auditoria.usac.edu.gt\/wp-content\/uploads\/2014\/10\/CSU-24-2002.pdf\">CSU 24-2002 administrativos como \u00a0docentes en programas autofinanciables<\/a><\/p>\n<p><a href=\"https:\/\/auditoria.usac.edu.gt\/wp-content\/uploads\/2014\/10\/CSU-5-2003.pdf\">CSU 5-2003 Compra menores de gasolina y parqueos se pagan con IVA<\/a><\/p>\n<p><a href=\"https:\/\/auditoria.usac.edu.gt\/wp-content\/uploads\/2014\/10\/CSU-19-2003.pdf\">CSU 19-2003 Persona Exento<\/a><\/p>\n<p><a href=\"https:\/\/auditoria.usac.edu.gt\/wp-content\/uploads\/2014\/10\/ACTA-2004-PUNTO-noveno-cuotas-de-bibliotecas.pdf\" rel=\"\">ACTA 20-2004 , PUNTO noveno cuotas de bibliotecas<\/a><\/p>\n<p><a href=\"https:\/\/auditoria.usac.edu.gt\/wp-content\/uploads\/2014\/10\/CSU-26-2004.pdf\">CSU 26-2004 Descentralizaci\u00f3n y cuotas de de pruebas de orientaci\u00f3n vocacional<\/a><\/p>\n<p><a href=\"https:\/\/auditoria.usac.edu.gt\/wp-content\/uploads\/2014\/10\/CSU-9-2005.pdf\">CSU 9-2005 pago diferido 12%<\/a><\/p>\n<p><a href=\"https:\/\/auditoria.usac.edu.gt\/wp-content\/uploads\/2014\/10\/CSU-20-2005.pdf\">CSU 20-2005 trabajadores administrativos pueden ser docentes en programas autofinanciables<\/a><\/p>\n<p><a href=\"https:\/\/auditoria.usac.edu.gt\/wp-content\/uploads\/2014\/10\/Acta-10-2006-Punto-CUARTO-inciso-4.6-Reclasificaci\u00f3n-de-los-Profesionales-de-Recursos-Humanos-etc..pdf\">CSU Acta 10-2006 Punto CUARTO, inciso 4.6 Reclasificaci\u00f3n de los Profesionales de Recursos Humanos, etc.<\/a><\/p>\n<p><a href=\"https:\/\/auditoria.usac.edu.gt\/wp-content\/uploads\/2014\/10\/CSU-5-2007.pdf\">CSU 5-2007 pago de deducible por veh\u00edculos robado o chocados<\/a><\/p>\n<p><a style=\"line-height: 1.714285714; font-size: 1rem;\" href=\"https:\/\/auditoria.usac.edu.gt\/wp-content\/uploads\/2014\/10\/CSU-17-2007.pdf\">CSU 17-2007 Rehubicaci\u00f3n de Secretarios Adjuntos y Asesores Financieros<\/a><\/p>\n<p><a style=\"line-height: 1.714285714; font-size: 1rem;\" href=\"https:\/\/auditoria.usac.edu.gt\/wp-content\/uploads\/2014\/10\/CSU-21-2007.pdf\">CSU 21-2007 Reglamento de Activos Fijos<\/a><\/p>\n<p><a style=\"line-height: 1.714285714; font-size: 1rem;\" href=\"https:\/\/auditoria.usac.edu.gt\/wp-content\/uploads\/2014\/10\/CSU-26-2008.pdf\">CSU 26-2008 Delegaci\u00f3n de suscripci\u00f3n de contratos<\/a><\/p>\n<p><a href=\"https:\/\/auditoria.usac.edu.gt\/wp-content\/uploads\/2014\/10\/CSU-29-2005.pdf\">CSU 29-2005 Homologaci\u00f3n de los puestos de Directores de Escuela y Centros Regionales<\/a><\/p>\n<p><a href=\"https:\/\/auditoria.usac.edu.gt\/wp-content\/uploads\/2014\/10\/CSU-42-2000.pdf\">CSU 42-2000 Sueldo de personal docente que ocupa puestos administrativos<\/a><\/p>\n<p><a href=\"https:\/\/auditoria.usac.edu.gt\/wp-content\/uploads\/2014\/10\/CSU-1-2009.pdf\">CSU 1-2009 Ajuste Salarial<\/a><\/p>\n<p><a href=\"https:\/\/auditoria.usac.edu.gt\/wp-content\/uploads\/2014\/10\/CSU-6-2009.pdf\">CSU 6-2009 liquidaci\u00f3n de gastos a\u00f1os anteriores<\/a><\/p>\n<p><a href=\"https:\/\/auditoria.usac.edu.gt\/wp-content\/uploads\/2014\/10\/CSU-21-2009.pdf\">CSU 21-2009 Gastos de representaci\u00f3n para Directores de Escuelas y centros regionales<\/a><\/p>\n<p><a href=\"https:\/\/auditoria.usac.edu.gt\/wp-content\/uploads\/2014\/10\/CSU-6-2010.pdf\">CSU 6-2010 -regulaci\u00f3n sobre rengl\u00f3n 196<\/a><\/p>\n<p><a href=\"https:\/\/auditoria.usac.edu.gt\/wp-content\/uploads\/2014\/10\/CSU-7-2010.pdf\">CSU 7-2010 Reforma al Articulo 129 de los Estatutos de la USAC<\/a><\/p>\n<p><a href=\"https:\/\/auditoria.usac.edu.gt\/wp-content\/uploads\/2014\/10\/CSU-17-2010.pdf\">CSU 17-2010 normas complementarias al presupuesto 2010<\/a><\/p>\n<p><a href=\"https:\/\/auditoria.usac.edu.gt\/wp-content\/uploads\/2014\/10\/CSU-32-2010.pdf\">CSU 32-2010 Servicio de internet declarado como \u00a0b\u00e1sico<\/a><\/p>\n<p><a href=\"https:\/\/auditoria.usac.edu.gt\/wp-content\/uploads\/2014\/10\/CSU-1-2011.pdf\">CSU 1-2011 Ajuste Salarial<\/a><\/p>\n<p><a href=\"https:\/\/auditoria.usac.edu.gt\/wp-content\/uploads\/2014\/10\/CSU-7-2011.pdf\">CSU 7-2011 Liquidaci\u00f3n de gastos de a\u00f1os anteriores<\/a><\/p>\n<p><a href=\"https:\/\/auditoria.usac.edu.gt\/wp-content\/uploads\/2014\/10\/CSU-9-2011.pdf\">CSU 9-2011 Reconocimiento de titularidades en dos unidades distintas<\/a><\/p>\n<p><a href=\"https:\/\/auditoria.usac.edu.gt\/wp-content\/uploads\/2014\/10\/CSU-13-2011.pdf\">CSU 13-2011 Vi\u00e1ticos a estudiantes miembros de organos de direcci\u00f3n<\/a><\/p>\n<p><a href=\"https:\/\/auditoria.usac.edu.gt\/wp-content\/uploads\/2014\/10\/CSU-24-2011.pdf\">CSU 24-2011 Normas complementarias al presupuesto 2012<\/a><\/p>\n<p><a href=\"https:\/\/auditoria.usac.edu.gt\/wp-content\/uploads\/2014\/10\/CSU-1-2012.pdf\">CSU 1-2012 Prorroga de elaboraci\u00f3n de contratos en el SIIF<\/a><\/p>\n<p><a href=\"https:\/\/auditoria.usac.edu.gt\/wp-content\/uploads\/2014\/10\/CSU-5-2012.pdf\">CSU 5-2012 Aprobaci\u00f3n de Ejecuci\u00f3n Presupuestario 2012 y normas de austeridad<\/a><\/p>\n<p><a href=\"https:\/\/auditoria.usac.edu.gt\/wp-content\/uploads\/2014\/10\/CSU-6-2012.pdf\">CSU 6-2012 Aclaraci\u00f3n sobre uso del rengl\u00f3n 196<\/a><\/p>\n<p><a href=\"https:\/\/auditoria.usac.edu.gt\/wp-content\/uploads\/2014\/10\/CSU-8-2012.pdf\">CSU 8-2012 Compensaci\u00f3n econ\u00f3mica a quienes se retiraron del Plan de Prestaciones<\/a><\/p>\n<p><a href=\"https:\/\/auditoria.usac.edu.gt\/wp-content\/uploads\/2014\/10\/CSU-9-2012.pdf\">CSU 9-2012 Rectificaci\u00f3n normas de austeridad congelamiento de plazas<\/a><\/p>\n<p><a href=\"https:\/\/auditoria.usac.edu.gt\/wp-content\/uploads\/2014\/10\/CSU-9-2012A.pdf\">CSU 9-2012A Liquidaci\u00f3n gastos a\u00f1os anteriores<\/a><\/p>\n<p><a href=\"https:\/\/auditoria.usac.edu.gt\/wp-content\/uploads\/2014\/10\/CSU-10-2012.pdf\">CSU 10-2012 Retiro obligatorio del Plan de Prestaciones<\/a><\/p>\n<p><a href=\"https:\/\/auditoria.usac.edu.gt\/wp-content\/uploads\/2014\/10\/CSU-10-2012A.pdf\">CSU 10-2012A Excedente de reprogramaciones plazas docentes y administrativas<\/a><\/p>\n<p><a href=\"https:\/\/auditoria.usac.edu.gt\/wp-content\/uploads\/2014\/10\/Acta-No.11-2013-Lic.-Victor-Hugo.pdf\">Acta No.11-2013 3, \u00a0quien tenga licencias con goce de sueldo, no se les paga bono mensual<\/a><\/p>\n<p><a href=\"https:\/\/auditoria.usac.edu.gt\/wp-content\/uploads\/2014\/10\/Aprobacion-CSU.pdf\">Acta 15-2103 punto cuarto Prorroga de gastos a\u00f1os anteriores<\/a><\/p>\n<p><a href=\"https:\/\/auditoria.usac.edu.gt\/wp-content\/uploads\/2014\/10\/Complemento_del_acta_de_Autorizaci\u00f3n_Financiera.pdf\">Acta 22-2013 Complemento_del_acta_de_Autorizaci\u00f3n_Financiera<\/a><\/p>\n<p><a href=\"https:\/\/auditoria.usac.edu.gt\/wp-content\/uploads\/2014\/10\/Disposicion-sobre-becas.pdf\">Acta 21-213 Disposici\u00f3n sobre becas<\/a><\/p>\n<p><a href=\"https:\/\/auditoria.usac.edu.gt\/wp-content\/uploads\/2014\/10\/I-parte-del-Presupuesto-2014.pdf\">Acta 21-2013 I parte del Presupuesto 2014<\/a><\/p>\n<p><a href=\"https:\/\/auditoria.usac.edu.gt\/wp-content\/uploads\/2014\/10\/II-parte-del-Presupuesto-2014.pdf\">Acta 21-213 II parte del Presupuesto 2014<\/a><\/p>\n<p><a href=\"https:\/\/auditoria.usac.edu.gt\/wp-content\/uploads\/2014\/10\/Punto-de-Acta-8-33.pdf\">Acta 14-213 punto segundo, Ajuste salarial<\/a><\/p>\n<p><a href=\"https:\/\/auditoria.usac.edu.gt\/wp-content\/uploads\/2014\/10\/Pacto-Colectivo.pdf\">Acta 10-2014 inciso 4.5 Pacto Colectivo<\/a><\/p>\n<p><a href=\"https:\/\/auditoria.usac.edu.gt\/wp-content\/uploads\/2014\/10\/Punto-de-acta-inciso-4.5-del-acta-10-20141.pdf\">Acta 10-2014 \u00a0Inciso 4.5 liquidaci\u00f3n gastos a\u00f1os anteriores<\/a><\/p>\n<p><a style=\"line-height: 1.714285714; font-size: 1rem;\" href=\"https:\/\/auditoria.usac.edu.gt\/wp-content\/uploads\/2014\/10\/Acta-01-2015-punto-CUARTO-inciso-4.1dispensa-para-pagar-sueldos-del-a\u00f1o-2014-con-presupuesto-2015.pdf\">Acta 01-2015 punto CUARTO inciso 4.1 Dispensa para pagar sueldos del a\u00f1o 2014 con presupuesto 2015<\/a><\/p>\n<p><a href=\"https:\/\/auditoria.usac.edu.gt\/wp-content\/uploads\/2014\/10\/Acta-03-2015-punto-CUARTO-inciso-4.6-Dispensa-para-liquidaci\u00f2n-de-expedientes-de-a\u00f1os-anteriores-del-2015.pdf\">Acta 03-2015 punto CUARTO inciso 4.6 Dispensa para liquidaci\u00f3n de expedientes de a\u00f1os anteriores del 2015<\/a><\/p>\n<p><a href=\"https:\/\/auditoria.usac.edu.gt\/wp-content\/uploads\/2014\/10\/Acta-03-2015-punto-SEXTO-inciso-6.1-Homologaci\u00f3n-de-titularidad-de-trabajadores-que-gozan-de-permiso-y-trabajan-en-la-USAC.pdf\">Acta 03-2015 punto SEXTO, inciso 6.1 Homologaci\u00f3n de titularidad de trabajadores que gozan de permiso y trabajan en la USAC<\/a><\/p>\n<p><a href=\"https:\/\/auditoria.usac.edu.gt\/wp-content\/uploads\/2014\/10\/Acta-7-2015-punto-CUARTO-inciso-4.3-Aprobaci\u00f3n-del-informa-de-ejecuci\u00f3n-presupuestaria-2014.pdf\">Acta 7-2015 punto CUARTO inciso 4.3 Aprobaci\u00f3n del informa de ejecuci\u00f3n presupuestaria 2014<\/a><\/p>\n<p><a href=\"https:\/\/auditoria.usac.edu.gt\/wp-content\/uploads\/2015\/06\/PLAZO-PARA-LIQUIDAR-DOCUMENTOS-DE-A\u00d1OS-ANTERIORES-HASTA-30-DE-JUNIO-2015.pdf\">Acta 11-2015 Punto CUARTO inciso 4.3 \u00a0se amplia plazo para liquidar documentos de a\u00f1os anteriores hasta el 30 de junio de 2015<\/a><\/p>\n<p><a href=\"https:\/\/auditoria.usac.edu.gt\/wp-content\/uploads\/2014\/10\/Acta-28-2015-dispensa-para-pagar-el-2do.-semeste-sin-ser-colegiado-activo.pdf\" rel=\"\">Acta 28-2015 dispensa para pagar el 2do. semestre sin ser colegiado activo<\/a><\/p>\n<p><a href=\"https:\/\/auditoria.usac.edu.gt\/wp-content\/uploads\/2014\/10\/Acta-1-2016-Modificacion-a-Normas-de-Apertura-presupuetaria.pdf\" rel=\"\">Acta 1-2016 Modificaci\u00f3n a Normas de Apertura presupuestaria<\/a><\/p>\n<p><a href=\"https:\/\/auditoria.usac.edu.gt\/wp-content\/uploads\/2014\/10\/Acta-No.-04-2016-Dispensa-Norma-2-de-apertura-presupuestaria.pdf\" rel=\"\">Acta No. 04-2016 Dispensa Norma 2 de apertura presupuestaria<\/a><\/p>\n<p><a href=\"https:\/\/auditoria.usac.edu.gt\/wp-content\/uploads\/2014\/10\/Acta-No.-08-2016-liquidaci\u00f3n-de-pago-de-examinadores-a\u00f1os-anteriores.pdf\" rel=\"\">Acta No. 08-2016 liquidaci\u00f3n de pago de examinadores a\u00f1os anteriores<\/a><\/p>\n<p><a href=\"https:\/\/auditoria.usac.edu.gt\/wp-content\/uploads\/2014\/10\/Acta-No.-09-2016-Dispensa-Norma-22-de-apertura-presupuestaria.pdf\" rel=\"\">Acta No. 09-2016 Dispensa Norma 22 de apertura presupuestaria<\/a><\/p>\n<p><a href=\"https:\/\/auditoria.usac.edu.gt\/wp-content\/uploads\/2014\/10\/Acta-10-2016-Autorizaci\u00f3n-Pago-de-Diferido-y-bono-14-a-jubilados-y-pensionados-a-partir-de-Julio-2016.pdf\" rel=\"\">Acta 10-2016 Autorizaci\u00f3n Pago de Diferido y bono 14 a jubilados y pensionados a partir de Julio 2016<\/a><\/p>\n<p><a href=\"https:\/\/auditoria.usac.edu.gt\/wp-content\/uploads\/2014\/10\/Acta-23-2016-\u00fcnto-CUARTO-inciso-4.1-Normas-Espec\u00edficas-de-Ejecuci\u00f3n-Presupuestarias-2017.pdf\" rel=\"\">Acta 23-2016 Punto CUARTO inciso 4.1 Normas Espec\u00edficas de Ejecuci\u00f3n Presupuestarias 2017<\/a><\/p>\n<p><a href=\"https:\/\/auditoria.usac.edu.gt\/wp-content\/uploads\/2014\/10\/Acta-23-2016-PUNTO-4.8-Definici\u00f3n-autoridad-superior-autoridad-administrativa-superior.pdf\" rel=\"\">Acta 23-2016 PUNTO 4.8 Definici\u00f3n autoridad superior, autoridad administrativa superior<\/a><\/p>\n<p><a href=\"https:\/\/auditoria.usac.edu.gt\/wp-content\/uploads\/2018\/10\/Acta-23-2016-punto-CUARTO-inciso-4.8-Determinaci\u00f3n-de-autoridades.pdf\">Acta 23-2016 punto CUARTO, inciso 4.8, Determinaci\u00f3n de autoridades<\/a><\/p>\n<p><a href=\"https:\/\/auditoria.usac.edu.gt\/wp-content\/uploads\/2018\/10\/Acta-01-2017-Punto-CUARTO-Inciso-4.6-Autorizaci\u00f3n-liquidaci\u00f3n-honorarios-2016.pdf\">Acta 01-2017, Punto CUARTO, Inciso 4.6 Autorizaci\u00f3n liquidaci\u00f3n honorarios 2016<\/a><\/p>\n<p><a href=\"https:\/\/auditoria.usac.edu.gt\/wp-content\/uploads\/2014\/10\/Acta-02-2017-Punto-CUATO-incido-4.6-liqudaci\u00f3n-gastos-2016-con-cargo-a-presupuesto-2017.pdf\" rel=\"\">Acta 02-2017 Punto CUARTO incido 4.6 liquidaci\u00f3n gastos 2016 con cargo a presupuesto 2017<\/a><\/p>\n<p><a href=\"https:\/\/auditoria.usac.edu.gt\/wp-content\/uploads\/2018\/10\/Acta-07-2017-Inciso-4.8-Autorizaci\u00f3n-pagos-a\u00f1os-anteriores.pdf\">Acta 07-2017, Inciso 4.8 Autorizaci\u00f3n pagos a\u00f1os anteriores<\/a><\/p>\n<p><a href=\"https:\/\/auditoria.usac.edu.gt\/wp-content\/uploads\/2018\/10\/Acta-7-2017-Punto-CUARTO-Inciso-4.1-Autorizaci\u00f3n-Ejecuci\u00f3n-presupuestaria-2016.pdf\">Acta 7-2017, Punto CUARTO, Inciso 4.1, Autorizaci\u00f3n Ejecuci\u00f3n presupuestaria 2016<\/a><\/p>\n<p><a href=\"https:\/\/auditoria.usac.edu.gt\/wp-content\/uploads\/2014\/10\/Acta-9-2017-Modificaciones-a-plazos-de-liquidaci\u00f3n-en-compras-y-vi\u00e1ticos.pdf\" rel=\"\">Acta 9-2017 Modificaciones a plazos de liquidaci\u00f3n en compras y vi\u00e1ticos<\/a><\/p>\n<p><a href=\"https:\/\/auditoria.usac.edu.gt\/wp-content\/uploads\/2014\/10\/Acta-12-2017-Pacto-Colectivo-2017.pdf\" rel=\"\">Acta 12-2017 Pacto Colectivo 2017<\/a><\/p>\n<p><a href=\"https:\/\/auditoria.usac.edu.gt\/wp-content\/uploads\/2018\/10\/Acta-9-2017-punto-CUARTO-inciso-4.1-Modificaci\u00f3n-del-SIC-Y-SIS.pdf\">Acta 9-2017, punto CUARTO, inciso 4.1 Modificaci\u00f3n del SIC Y SIS<\/a><\/p>\n<p><a href=\"https:\/\/auditoria.usac.edu.gt\/wp-content\/uploads\/2018\/10\/Acta-10-2017-punto-CUARTO-inciso-4.11-autorizaci\u00f3n-liquidaci\u00f3n-gastos-2016.pdf\">Acta 10-2017 punto CUARTO, inciso 4.11 autorizaci\u00f3n liquidaci\u00f3n gastos 2016<\/a><\/p>\n<p><a href=\"https:\/\/auditoria.usac.edu.gt\/wp-content\/uploads\/2018\/10\/Acta-13-2017-Punto-CUARTO-inciso-4.4-Traslado-Saldos-de-Autofinanciables.pdf\">Acta 13-2017 Punto CUARTO inciso 4.4 Traslado Saldos de Autofinanciables<\/a><\/p>\n<p><a href=\"https:\/\/auditoria.usac.edu.gt\/wp-content\/uploads\/2018\/10\/Acta-13-2017-punto-CUARTO-Inciso-4.7-Modificaci\u00f3n-Norma-8.1-Modulo-I-SIC.pdf\">Acta 13-2017 punto CUARTO, Inciso 4.7 Modificaci\u00f3n Norma 8.1 Modulo I SIC<\/a><\/p>\n<p><a href=\"https:\/\/auditoria.usac.edu.gt\/wp-content\/uploads\/2018\/10\/Acta-13-2017-punto-SEPTIMO-inciso-7.6-Contrataci\u00f3n-de-Jubilados.pdf\">Acta 13-2017, punto S\u00c9PTIMO, inciso 7.6 Contrataci\u00f3n de Jubilados<\/a><\/p>\n<p><a href=\"https:\/\/auditoria.usac.edu.gt\/wp-content\/uploads\/2018\/10\/Acta-14-2017-Punto-CUARTO-Inciso-4.4-Autorizaci\u00f3n-Incremento-salaria-8.33.pdf\">Acta 14-2017, Punto CUARTO, Inciso 4.4 Autorizaci\u00f3n Incremento salaria 8.33%<\/a><\/p>\n<p><a href=\"https:\/\/auditoria.usac.edu.gt\/wp-content\/uploads\/2018\/10\/Acta-16-2017-punto-CUARTO-inciso-4.1-Incremento-Salarial-y-busqueda-de-financiamiento.pdf\">Acta 16-2017, punto CUARTO, inciso 4.1 Incremento Salarial y b\u00fasqueda de financiamiento<\/a><\/p>\n<p><a href=\"https:\/\/auditoria.usac.edu.gt\/wp-content\/uploads\/2018\/10\/Acta-26-2017-Punto-CUARTO-Inciso-4.2-Aprobaci\u00f3n-presupuesto-2018.pdf\">Acta 26-2017 Punto CUARTO, Inciso 4.2 Aprobaci\u00f3n presupuesto 2018<\/a><\/p>\n<p><a href=\"https:\/\/auditoria.usac.edu.gt\/wp-content\/uploads\/2018\/10\/Acta-26-2017-punto-CUARTO-inciso-4.2-Aprobaci\u00f3n-presupuesto-2018.pdf\">Acta 26-2017 punto CUARTO, inciso 4.2, Aprobaci\u00f3n presupuesto 2018<\/a><\/p>\n<p><a href=\"https:\/\/auditoria.usac.edu.gt\/wp-content\/uploads\/2018\/10\/Acta-1-2018-Autorizaci\u00f3n-pago-honorarios-2017.pdf\">Acta 1-2018 Autorizaci\u00f3n pago honorarios 2017<\/a><\/p>\n<p><a href=\"https:\/\/auditoria.usac.edu.gt\/wp-content\/uploads\/2018\/10\/Acta-2008-punto-CUARTO-inciso-4.1-aprobaci\u00f3n-informe-de-ejecuci\u00f3n-presupuetaria.pdf\">Acta-52018, punto CUARTO, inciso 4.1 aprobaci\u00f3n informe de ejecuci\u00f3n presupuestaria<\/a><\/p>\n<p><a href=\"https:\/\/auditoria.usac.edu.gt\/wp-content\/uploads\/2019\/07\/Pto.-SEPTIMO-iniciso-7.1-Acta-06-2018-del-11-04-2018-carreras-autorizadas.pdf\">Pto. S\u00c9PTIMO, inciso 7.1, Acta 06-2018 del 11-04-2018 carreras autorizadas<\/a><\/p>\n<p><a href=\"https:\/\/auditoria.usac.edu.gt\/wp-content\/uploads\/2018\/10\/Acta-7-2018-Modificaci\u00f3n-articulo-133-del-Estatuto-Fianzas.pdf\">Acta 7-2018 Modificaci\u00f3n articulo 133 del Estatuto, Fianzas<\/a><\/p>\n<p><a href=\"https:\/\/auditoria.usac.edu.gt\/wp-content\/uploads\/2018\/10\/Acta-11-2018-punto-CUARTO-inciso-4.1-Aprobaci\u00f3n-edificio-de-Cunizab.pdf\">Acta 11-2018, punto CUARTO, inciso 4.1 Aprobaci\u00f3n edificio de Cunizab<\/a><\/p>\n<p><a href=\"https:\/\/auditoria.usac.edu.gt\/wp-content\/uploads\/2018\/10\/Acta-22-2018-punto-CUARTO.-inciso-4.5-Liquidaci\u00f3n-gastos-a\u00f1o-2017.pdf\">Acta 22-2018, punto CUARTO. inciso 4.5 Liquidaci\u00f3n gastos a\u00f1o 2017<\/a><\/p>\n<p><a href=\"https:\/\/auditoria.usac.edu.gt\/wp-content\/uploads\/2018\/10\/Acta-23-2018-punto-SEPTIMO-Inciso-7.7-Prohibici\u00f3n-del-uso-de-Duroport-y-plastico-no-recicable-en-la-USAC.pdf\">Acta 23-2018, punto S\u00c9PTIMO, Inciso 7.7 Prohibici\u00f3n del uso de Duroport y pl\u00e1stico no reciclable en la USAC<\/a><\/p>\n<p><a href=\"https:\/\/auditoria.usac.edu.gt\/wp-content\/uploads\/2018\/10\/Acta-26-2018-Punto-CUARTO-INCISO-4.1-Politica-de-Austeridad.pdf\">Acta 26-2018 Punto CUARTO, INCISO 4.1 Pol\u00edtica de Austeridad<\/a><\/p>\n<p><a href=\"https:\/\/auditoria.usac.edu.gt\/wp-content\/uploads\/2018\/10\/Acta-29-2018-Punto-SEGUNDO-Inciso-2.2-Subinciso-2.2.2-Normas-de-Austeridad.pdf\">Acta 29-2018 Punto SEGUNDO, Inciso 2.2, Subinciso 2.2.2 Normas de Austeridad<\/a><\/p>\n<p><a href=\"https:\/\/auditoria.usac.edu.gt\/wp-content\/uploads\/2019\/04\/Acta-36-2018-punto-CUARTO-Aprobaci\u00f3n-Presupuesto-2019.pdf\">Acta 36-2018 punto CUARTO Aprobaci\u00f3n Presupuesto 2019<\/a><\/p>\n<p><a href=\"https:\/\/auditoria.usac.edu.gt\/wp-content\/uploads\/2019\/02\/Acta-37-2018-Punto-SEGUNDO-inciso-2.5-Contrataci\u00f3n-1-hora-y-minimo-de-estudiantes-por-salon.pdf\">Acta 37-2018 Punto SEGUNDO, inciso 2.5 Contrataci\u00f3n 1 hora y m\u00ednimo de estudiantes por sal\u00f3n<\/a><\/p>\n<p><a href=\"https:\/\/auditoria.usac.edu.gt\/wp-content\/uploads\/2019\/02\/Acta-2-2019-Punto-SEGUNDO-inciso-2.3-Derogar-la-prohibici\u00f3n-del-uso-renglones-262-y-419.pdf\">Acta 2-2019 Punto SEGUNDO, inciso 2.3 Derogar la prohibici\u00f3n del uso renglones 262 y 419<\/a><\/p>\n<p><a href=\"https:\/\/auditoria.usac.edu.gt\/wp-content\/uploads\/2019\/04\/Acta-02-2019-punto-CUARTO-Transferencias-pago-complementos-de-salario.pdf\">Acta 02-2019 punto CUARTO Transferencias pago complementos de salario<\/a><\/p>\n<p><a href=\"https:\/\/auditoria.usac.edu.gt\/wp-content\/uploads\/2019\/04\/Acta-06-2019-punto-CUARTO-Reglamento-Bienes-Muebles.pdf\">Acta 06-2019 punto CUARTO Reglamento Bienes Muebles<\/a><\/p>\n<p><a href=\"https:\/\/auditoria.usac.edu.gt\/wp-content\/uploads\/2019\/04\/Acta-06-2019-Punto-OCTAVO-Adici\u00f3n-Normas-de-Conseci\u00f3n-de-Licencias.pdf\">Acta 06-2019 Punto OCTAVO, Adici\u00f3n Normas de Concesi\u00f3n de Licencias<\/a><\/p>\n<p><a href=\"https:\/\/auditoria.usac.edu.gt\/wp-content\/uploads\/2019\/04\/Acta-07-2019-Punto-SEGUNDO-Modificaci\u00f3n-al-articulo-133-de-Estatuto-de-la-USAC.pdf\">Acta 07-2019 Punto SEGUNDO, Modificaci\u00f3n al articulo 133 de Estatuto de la USAC<\/a><\/p>\n<p><a href=\"https:\/\/auditoria.usac.edu.gt\/wp-content\/uploads\/2019\/04\/Acta-8-2019-Liquidaci\u00f3n-Documentos-a\u00f1os-anteriores.pdf\">Acta 8-2019 Liquidaci\u00f3n Documentos a\u00f1os anteriores<\/a><\/p>\n<p><a href=\"https:\/\/auditoria.usac.edu.gt\/wp-content\/uploads\/2019\/05\/Acta-09-2019.-Punto-SEPTIMO-iniciso-7.2-Aprobaci\u00f3n-Politica-de-Educaci\u00f3n-a-Distancia.pdf\">Acta 09-2019. Punto S\u00c9PTIMO, inciso 7.2 Aprobaci\u00f3n Pol\u00edtica de Educaci\u00f3n a Distancia<\/a><\/p>\n<p>&nbsp;<\/p>\n","protected":false},"excerpt":{"rendered":"<p>CSU 6-86 Establecimiento del diferido 50% Acta 50-91, Punto CUARTO Pol\u00edticas-Salariales CSU 20-92 Prohibici\u00f3n de contratar planilleros para actividades administrativas CSU 3-95 Trabajadores de Planilla no se les debe descontar cuota plan Prestaciones CSU 11-96 Lineamiento para el pago de<\/p>\n","protected":false},"author":3,"featured_media":0,"parent":14,"menu_order":6,"comment_status":"open","ping_status":"closed","template":"","meta":{"footnotes":""},"class_list":["post-137","page","type-page","status-publish","hentry"],"_links":{"self":[{"href":"https:\/\/auditoria.usac.edu.gt\/index.php?rest_route=\/wp\/v2\/pages\/137","targetHints":{"allow":["GET"]}}],"collection":[{"href":"https:\/\/auditoria.usac.edu.gt\/index.php?rest_route=\/wp\/v2\/pages"}],"about":[{"href":"https:\/\/auditoria.usac.edu.gt\/index.php?rest_route=\/wp\/v2\/types\/page"}],"author":[{"embeddable":true,"href":"https:\/\/auditoria.usac.edu.gt\/index.php?rest_route=\/wp\/v2\/users\/3"}],"replies":[{"embeddable":true,"href":"https:\/\/auditoria.usac.edu.gt\/index.php?rest_route=%2Fwp%2Fv2%2Fcomments&post=137"}],"version-history":[{"count":28,"href":"https:\/\/auditoria.usac.edu.gt\/index.php?rest_route=\/wp\/v2\/pages\/137\/revisions"}],"predecessor-version":[{"id":1967,"href":"https:\/\/auditoria.usac.edu.gt\/index.php?rest_route=\/wp\/v2\/pages\/137\/revisions\/1967"}],"up":[{"embeddable":true,"href":"https:\/\/auditoria.usac.edu.gt\/index.php?rest_route=\/wp\/v2\/pages\/14"}],"wp:attachment":[{"href":"https:\/\/auditoria.usac.edu.gt\/index.php?rest_route=%2Fwp%2Fv2%2Fmedia&parent=137"}],"curies":[{"name":"wp","href":"https:\/\/api.w.org\/{rel}","templated":true}]}}