{"id":375,"date":"2014-10-09T17:39:28","date_gmt":"2014-10-09T17:39:28","guid":{"rendered":"https:\/\/auditoria.usac.edu.gt\/?page_id=375"},"modified":"2016-07-07T21:13:14","modified_gmt":"2016-07-07T21:13:14","slug":"plan-de-prestaciones","status":"publish","type":"page","link":"https:\/\/auditoria.usac.edu.gt\/?page_id=375","title":{"rendered":"Plan de Prestaciones"},"content":{"rendered":"<h3>1. Incrementos salariales<\/h3>\n<p><a href=\"https:\/\/auditoria.usac.edu.gt\/wp-content\/uploads\/2014\/10\/Incremento-salarial-de-1990.pdf\">Acta 19-90 Incremento salarial de 1990<\/a><\/p>\n<p><a href=\"https:\/\/auditoria.usac.edu.gt\/wp-content\/uploads\/2014\/10\/ACTA-42-2000-Ajuste-Salarial-a-parti-de-enero-2001.pdf\">Acta 42-2000 Ajuste Salarial a partir de enero 2001<\/a><\/p>\n<p><a href=\"https:\/\/auditoria.usac.edu.gt\/wp-content\/uploads\/2014\/10\/A\u00d1O-2008-Acta-4-2008.pdf\">Acta 4-2008 Ajuste Salarial del 2008<\/a><\/p>\n<p><a href=\"https:\/\/auditoria.usac.edu.gt\/wp-content\/uploads\/2014\/10\/A\u00d1O-2003-Acta-7-2003-solicitud-de-aporte-extraordinario.pdf\">A\u00d1O 2003 Acta 7-2003 solicitud de aporte extraordinario<\/a><\/p>\n<p><a href=\"https:\/\/auditoria.usac.edu.gt\/wp-content\/uploads\/2014\/10\/ACTA-09-2003-Aportes-Extraordinarios-USAC-PLAN.pdf\">ACTA 09-2003 Aportes Extraordinarios USAC-PLAN<\/a><\/p>\n<h3>2. Incremento de prestaciones<\/h3>\n<p><a href=\"https:\/\/auditoria.usac.edu.gt\/wp-content\/uploads\/2014\/10\/A\u00d1O-1990-Acta-19-90-Incremento-de-pensiones.pdf\">A\u00d1O 1990 Acta 19-90 Incremento de pensiones<\/a><\/p>\n<p><a href=\"https:\/\/auditoria.usac.edu.gt\/wp-content\/uploads\/2014\/10\/A\u00d1O-1991-Acta-53-91-incremento-a-pensiones.pdf\">A\u00d1O 1991 Acta 53-91 incremento a pensiones<\/a><\/p>\n<p><a href=\"https:\/\/auditoria.usac.edu.gt\/wp-content\/uploads\/2014\/10\/A\u00d1O-1995-Acta-25-95-Incremento-a-Pensiones.pdf\">A\u00d1O 1995 Acta 25-95 Incremento a Pensiones<\/a><\/p>\n<p><a href=\"https:\/\/auditoria.usac.edu.gt\/wp-content\/uploads\/2014\/10\/A\u00d1O-1995-Acta-32-95-pago-de-compensaci\u00f3n.pdf\">A\u00d1O 1995 Acta 32-95 pago de compensaci\u00f3n<\/a><\/p>\n<p><a href=\"https:\/\/auditoria.usac.edu.gt\/wp-content\/uploads\/2014\/10\/A\u00d1O-1995-Acta-32-95-incremento-de-pensiones.pdf\">A\u00d1O 1995 Acta 32-95 incremento de pensiones<\/a><\/p>\n<p><a href=\"https:\/\/auditoria.usac.edu.gt\/wp-content\/uploads\/2014\/10\/A\u00d1O-1996-Acta-11-96-Incremento-de-pensiones.pdf\">A\u00d1O 1996 Acta 11-96 Incremento de pensiones<\/a><\/p>\n<p><a href=\"https:\/\/auditoria.usac.edu.gt\/wp-content\/uploads\/2014\/10\/A\u00d1O-1999-Acta-24-99-Incremento-a-pensiones.pdf\">A\u00d1O 1999 Acta 24-99 Incremento a pensiones<\/a><\/p>\n<p><a href=\"https:\/\/auditoria.usac.edu.gt\/wp-content\/uploads\/2014\/10\/A\u00d1O-1999-Acta-38-99-Incremento-a-las-pensiones.pdf\">A\u00d1O 1999 Acta 38-99 Incremento a las pensiones<\/a><\/p>\n<p><a href=\"https:\/\/auditoria.usac.edu.gt\/wp-content\/uploads\/2014\/10\/A\u00d1O-2000-Acta-42-2000-Incremento-en-las-pensiones.pdf\">A\u00d1O 2000 Acta 42-2000 Incremento en las pensiones<\/a><\/p>\n<p><a href=\"https:\/\/auditoria.usac.edu.gt\/wp-content\/uploads\/2014\/10\/A\u00d1O-2001-Acta-14-2001-Incremento-de-las-pensiones.pdf\">A\u00d1O 2001 Acta 14-2001 Incremento de las pensiones<\/a><\/p>\n<p><a href=\"https:\/\/auditoria.usac.edu.gt\/wp-content\/uploads\/2014\/10\/A\u00d1O-2008-Acta-4-2008-Bono-de-Solidaridad.pdf\">A\u00d1O 2008 Acta 4-2008 Bono de Solidaridad<\/a><\/p>\n<h3>\u00a03. Reglamento de la Junta Administradora del Plan de Prestaciones<\/h3>\n<p><a href=\"https:\/\/auditoria.usac.edu.gt\/wp-content\/uploads\/2014\/10\/ACTA-No-5-2008-Modif.-Regl.-JAPP.pdf\">A<\/a><a href=\"https:\/\/auditoria.usac.edu.gt\/wp-content\/uploads\/2014\/10\/ACTA-No-5-2008-Modif.-Regl.-JAPP.pdf\">CTA No 5-2008 Modificaci\u00f3n al \u00a0Reglamento del \u00a0Junta Administradora del Plan de Prestaciones<\/a><\/p>\n<p><a href=\"https:\/\/auditoria.usac.edu.gt\/wp-content\/uploads\/2014\/10\/A\u00d1O-2008-Acta-21-2008-vigencia-segun-acta-17-2011.pdf\">A\u00d1O 2008, Acta 21-2008, vigencia del Reglamento de la Junta Administradora del \u00a0Plan de Prestaciones seg\u00fan acta 17-2011<\/a><\/p>\n<p><a href=\"https:\/\/auditoria.usac.edu.gt\/wp-content\/uploads\/2014\/10\/A\u00d1O-2011-ultima-version-del-Reglamento-JAAP.pdf\">A\u00d1O 2011 ultima versi\u00f3n del Reglamento Junta Administradora del Plan de Prestaciones<\/a><\/p>\n<p><a href=\"https:\/\/auditoria.usac.edu.gt\/wp-content\/uploads\/2014\/10\/Reglamento-de-la-JAAP-Acta-39-93.pdf\">R<\/a><a href=\"https:\/\/auditoria.usac.edu.gt\/wp-content\/uploads\/2014\/10\/Reglamento-de-la-JAAP-Acta-39-93.pdf\">eglamento de la Junta Administrador del \u00a0Plan de prestaciones Acta 39-93<\/a><\/p>\n<p><a href=\"https:\/\/auditoria.usac.edu.gt\/wp-content\/uploads\/2014\/10\/ACTA-No-5-2008-Modif.-Regl-PP.pdf\">ACTA No 5-2008 Modificaci\u00f3n al \u00a0Reglamento de la Junta Administradora del \u00a0Plan de Prestaciones<\/a><\/p>\n<h3><span style=\"font-size: 1.142857143rem; line-height: 1.846153846;\">4. Reglamento del Plan de Prestaciones<\/span><\/h3>\n<p><a href=\"https:\/\/auditoria.usac.edu.gt\/wp-content\/uploads\/2014\/10\/A\u00d1O-2000-Acta-11-2000.pdf\">A\u00d1O 2000 Acta 11-2000 Reglamento del Plan de Prestaciones<\/a><\/p>\n<p><a href=\"https:\/\/auditoria.usac.edu.gt\/wp-content\/uploads\/2014\/10\/A\u00d1O-2000-Acta-18-00-Modificaciones.pdf\">A\u00d1O 2000 Acta 18-00 Modificaciones al Reglamento del Plan de Prestaciones<\/a><\/p>\n<p><a href=\"https:\/\/auditoria.usac.edu.gt\/wp-content\/uploads\/2014\/10\/A\u00d1O-2002-Acta-27-2002-Modificacion-al-porcentaje-de-aportacion.pdf\">A\u00d1O 2002 Acta 27-2002 Modificaci\u00f3n al porcentaje de aportaci\u00f3n<\/a><\/p>\n<p><a href=\"https:\/\/auditoria.usac.edu.gt\/wp-content\/uploads\/2014\/10\/A\u00d1O-2003-Acta-11-03-Modificaciones.pdf\">A\u00d1O 2003 Acta 11-03 Modificaciones al reglamento PP<\/a><\/p>\n<p><a href=\"https:\/\/auditoria.usac.edu.gt\/wp-content\/uploads\/2014\/10\/A\u00d1O-2003-Acta-12-03-Modificaciones.pdf\">A\u00d1O 2003 Acta 12-03 Modificaciones al reglamento PP<\/a><\/p>\n<p><a href=\"https:\/\/auditoria.usac.edu.gt\/wp-content\/uploads\/2014\/10\/A\u00d1O-2003-Acta-25-2003-Modificaciones.pdf\">A\u00d1O 2003 Acta 25-2003 Modificaciones al reglamento<\/a><\/p>\n<p><a href=\"https:\/\/auditoria.usac.edu.gt\/wp-content\/uploads\/2014\/10\/A\u00d1O-2004-Acta-10-04-Modificaciones.pdf\">A\u00d1O 2004 Acta 10-04 Modificaciones al reglamento PP<\/a><\/p>\n<p><a href=\"https:\/\/auditoria.usac.edu.gt\/wp-content\/uploads\/2014\/10\/A\u00d1O-2004-Acta-12-04-Modificaciones.pdf\">A\u00d1O 2004 Acta 12-04 Modificaciones<\/a><\/p>\n<p><a href=\"https:\/\/auditoria.usac.edu.gt\/wp-content\/uploads\/2014\/10\/A\u00d1O-2004-Acta-14-04-modificaciones.pdf\">A\u00d1O 2004 Acta 14-04 modificaciones<\/a><\/p>\n<p><a href=\"https:\/\/auditoria.usac.edu.gt\/wp-content\/uploads\/2014\/10\/A\u00d1O-2006-Acta-24-2006.pdf\">A\u00d1O 2006 Acta 24-2006<\/a><\/p>\n<p><a href=\"https:\/\/auditoria.usac.edu.gt\/wp-content\/uploads\/2014\/10\/A\u00d1O-2006-Acta-13-2006-Modificaciones-e-Incremento-Salarial.pdf\">A\u00d1O 2006 Acta 13-2006 Modificaciones e Incremento Salarial<\/a><\/p>\n<p><a href=\"https:\/\/auditoria.usac.edu.gt\/wp-content\/uploads\/2014\/10\/A\u00d1O-2006-Acta-20-2006.pdf\">A\u00d1O 2006 Acta 20-2006<\/a><\/p>\n<p><a href=\"https:\/\/auditoria.usac.edu.gt\/wp-content\/uploads\/2014\/10\/A\u00d1O-2008-Acta-5-2008-Modificaciones.pdf\">A\u00d1O 2008 Acta 5-2008 Modificaciones<\/a><\/p>\n<p><a href=\"https:\/\/auditoria.usac.edu.gt\/wp-content\/uploads\/2014\/10\/A\u00d1O-2008-acta-9-2008-Modif.-Reglamento-PP.pdf\">A\u00d1O 2008 acta 9-2008 Modif. Reglamento PP<\/a><\/p>\n<p><a style=\"font-size: 1rem; color: #0f3647;\" href=\"https:\/\/auditoria.usac.edu.gt\/wp-content\/uploads\/2014\/10\/Reglamento-del-Prestaciones-USAC.pdf\">Reglamento del Prestaciones USAC<\/a><\/p>\n<p><a href=\"https:\/\/auditoria.usac.edu.gt\/wp-content\/uploads\/2014\/10\/A\u00d1O-2008-Acta-21-2008-Nuevo-Reglamento-del-PP-acta-17-2011.pdf\">A\u00d1O 2008 Acta 21-2008 Nuevo Reglamento del PP acta 17-2011<\/a><\/p>\n<p><a href=\"https:\/\/auditoria.usac.edu.gt\/wp-content\/uploads\/2014\/10\/A\u00d1O-2011-Acta-17-2011-Modificaciones.pdf\">A\u00d1O 2011 Acta 17-2011 Modificaciones al reglamento PP<\/a><\/p>\n<p><a href=\"https:\/\/auditoria.usac.edu.gt\/wp-content\/uploads\/2014\/10\/A\u00d1O-2011-Ultima-version-del-reglamento-modifica-s-acta-25-2008.pdf\">A\u00d1O 2011 Ultima version del reglamento modifica seg\u00fan acta 25-2008<\/a><\/p>\n<p><a href=\"https:\/\/auditoria.usac.edu.gt\/wp-content\/uploads\/2014\/10\/MODIF-AL-REGLAMENTO-PLAN-DE-PRESTACIONES-DE-LOS-TRABAJADORES-DE-LA-USAC-PUBLICADA-21-02-2012.pdf\">Modificaci\u00f3n el reglamento del Plan de Prestaciones publicada el 21-02-2012<\/a><\/p>\n<p><a href=\"https:\/\/auditoria.usac.edu.gt\/wp-content\/uploads\/2014\/10\/Reglamento_Junta_Admin_mod_CSU_21-09-12.pdf\">Reglamento_Junta_Admin_mod_CSU_21-09-12<\/a><\/p>\n<p><a href=\"https:\/\/auditoria.usac.edu.gt\/wp-content\/uploads\/2014\/10\/Reglamento_Plan_Prestaciones_mod_CSU_octubre_2013.pdf\">Reglamento_Plan_Prestaciones_mod_CSU_octubre_2013<\/a><\/p>\n<p><a href=\"https:\/\/auditoria.usac.edu.gt\/wp-content\/uploads\/2015\/03\/Modificaci\u00f3n-los-articulos-9-y-35-del-Reglamento-del-Plan-de-Prestaciones.pdf\">Modificaci\u00f3n los art\u00edculos 9 y 35 del Reglamento del Plan de Prestaciones 2015<\/a><\/p>\n<h3><span style=\"font-size: 1.142857143rem; line-height: 1.846153846;\">5. Manuales<\/span><\/h3>\n<p><a href=\"https:\/\/auditoria.usac.edu.gt\/wp-content\/uploads\/2014\/10\/cipManualdeOrganizacionPlandePrestaciones.pdf\">Manual de Organizador Plan de Prestaciones<\/a><\/p>\n<p><a href=\"https:\/\/auditoria.usac.edu.gt\/wp-content\/uploads\/2014\/10\/cipManualdePrestamosParteI.pdf\">Manual de Prestamos Parte <\/a><\/p>\n<p><a href=\"https:\/\/auditoria.usac.edu.gt\/wp-content\/uploads\/2014\/10\/cipManualdePrestamosParteI.pdf\">I<\/a><a href=\"https:\/\/auditoria.usac.edu.gt\/wp-content\/uploads\/2014\/10\/Circular-01-98-PP-no-descontar-cuota-a-escuela-de-vacaciones.pdf\">-98 Plan Prestaciones no descontar cuota a escuela de vacaciones<\/a><\/p>\n<h3>6. Otros documentos<\/h3>\n<p><a href=\"https:\/\/auditoria.usac.edu.gt\/wp-content\/uploads\/2014\/10\/0.1_SITUACION-FINANCIERA-DEL-PLAN-AL-30-DE-ABRIL-2011.pptx\">Situaci\u00f3n Financiero del Plan al 30 de abril 2011<\/a><a href=\"https:\/\/auditoria.usac.edu.gt\/wp-content\/uploads\/2014\/10\/0.2_proyecci\u00f3n-de-presupuesto.xls\"><br \/>\n<\/a><\/p>\n<p><a href=\"https:\/\/auditoria.usac.edu.gt\/wp-content\/uploads\/2014\/10\/A\u00d1O-2002-Acta-21-2002-conformacion-de-comision.pdf\">A\u00d1O 2002 Acta 21-2002 conformaci\u00f3n de comisi\u00f3n<\/a><\/p>\n<p><a href=\"https:\/\/auditoria.usac.edu.gt\/wp-content\/uploads\/2014\/10\/A\u00d1O-2003-Acta-5-2003-Conformacion-de-Comision-para-discutir-valuacion-actuarial.pdf\">A\u00d1O 2003 Acta 5-2003 Conformaci\u00f3n de Comisi\u00f3n para discutir valuaci\u00f3n actuarial<\/a><\/p>\n<p><a href=\"https:\/\/auditoria.usac.edu.gt\/wp-content\/uploads\/2014\/10\/A\u00d1O-2003-Acta-7-2003-Conformacion-comision.pdf\">A\u00d1O 2003 Acta 7-2003 Conformaci\u00f3n comisi\u00f3n<\/a><\/p>\n<p><a href=\"https:\/\/auditoria.usac.edu.gt\/wp-content\/uploads\/2014\/10\/A\u00d1O-2008-conformacion-de-comision.pdf\">A\u00d1O 2008 conformaci\u00f3n de comisi\u00f3n<\/a><\/p>\n<p><a href=\"https:\/\/auditoria.usac.edu.gt\/wp-content\/uploads\/2014\/10\/LEGISLACION-PLAN-PRESTACIONES.pptx\">Legislaci\u00f3n de Plan de Prestaciones power point<\/a><\/p>\n<p><a href=\"https:\/\/auditoria.usac.edu.gt\/wp-content\/uploads\/2014\/10\/RESPUESTA-A-LAS-PREGUNTAS-HECHAS-AL-ACTUARIO-EN-LA-SESION-DEL.pdf\">Respuesta a las preguntas hechas al actuario en sesi\u00f2n del Consejo Superior<\/a><\/p>\n<p><a href=\"https:\/\/auditoria.usac.edu.gt\/wp-content\/uploads\/2014\/10\/VALUACION-ACTUARIAL.docx\">Valuaci\u00f3n Actuarial<\/a><\/p>\n<p><a href=\"https:\/\/auditoria.usac.edu.gt\/wp-content\/uploads\/2014\/10\/VALUACION-ACTUARIAL.pptx\">Valuaci\u00f3n Actuarial power point<\/a><\/p>\n<p><a href=\"https:\/\/auditoria.usac.edu.gt\/wp-content\/uploads\/2014\/10\/A\u00d1O-2008-Acta-19-2008-nombramiento-comision-de-reforma-RPP.pdf\">A\u00d1O 2008 Acta 19-2008 nombramiento comision de reforma RPP<\/a><\/p>\n<p><a style=\"line-height: 1.714285714; font-size: 1rem;\" href=\"https:\/\/auditoria.usac.edu.gt\/wp-content\/uploads\/2014\/10\/JAAP-558-2006-descuento-plan-en-programas-autofinanciables1.pdf\">JAAP 558-2006 descuento plan en programas autofinanciables<\/a><\/p>\n<p><a href=\"https:\/\/auditoria.usac.edu.gt\/wp-content\/uploads\/2014\/10\/Circular-PP-01-2015-modificaci\u00f3n-a-los-articulos-9-y-35-del-reglamento.pdf\">Circular PP 01-2015 modificaci\u00f3n a los art\u00edculos 9 y 35 del reglamento<\/a><\/p>\n<p><a href=\"https:\/\/auditoria.usac.edu.gt\/wp-content\/uploads\/2014\/10\/PP-04-2016-Tasa-de-Inter\u00e9s.pdf\" rel=\"\">PP 04-2016 Tasa de Inter\u00e9s<\/a><\/p>\n","protected":false},"excerpt":{"rendered":"<p>1. Incrementos salariales Acta 19-90 Incremento salarial de 1990 Acta 42-2000 Ajuste Salarial a partir de enero 2001 Acta 4-2008 Ajuste Salarial del 2008 A\u00d1O 2003 Acta 7-2003 solicitud de aporte extraordinario ACTA 09-2003 Aportes Extraordinarios USAC-PLAN 2. Incremento de<\/p>\n","protected":false},"author":3,"featured_media":0,"parent":14,"menu_order":14,"comment_status":"open","ping_status":"closed","template":"","meta":{"footnotes":""},"class_list":["post-375","page","type-page","status-publish","hentry"],"_links":{"self":[{"href":"https:\/\/auditoria.usac.edu.gt\/index.php?rest_route=\/wp\/v2\/pages\/375","targetHints":{"allow":["GET"]}}],"collection":[{"href":"https:\/\/auditoria.usac.edu.gt\/index.php?rest_route=\/wp\/v2\/pages"}],"about":[{"href":"https:\/\/auditoria.usac.edu.gt\/index.php?rest_route=\/wp\/v2\/types\/page"}],"author":[{"embeddable":true,"href":"https:\/\/auditoria.usac.edu.gt\/index.php?rest_route=\/wp\/v2\/users\/3"}],"replies":[{"embeddable":true,"href":"https:\/\/auditoria.usac.edu.gt\/index.php?rest_route=%2Fwp%2Fv2%2Fcomments&post=375"}],"version-history":[{"count":17,"href":"https:\/\/auditoria.usac.edu.gt\/index.php?rest_route=\/wp\/v2\/pages\/375\/revisions"}],"predecessor-version":[{"id":1504,"href":"https:\/\/auditoria.usac.edu.gt\/index.php?rest_route=\/wp\/v2\/pages\/375\/revisions\/1504"}],"up":[{"embeddable":true,"href":"https:\/\/auditoria.usac.edu.gt\/index.php?rest_route=\/wp\/v2\/pages\/14"}],"wp:attachment":[{"href":"https:\/\/auditoria.usac.edu.gt\/index.php?rest_route=%2Fwp%2Fv2%2Fmedia&parent=375"}],"curies":[{"name":"wp","href":"https:\/\/api.w.org\/{rel}","templated":true}]}}