{"id":453,"date":"2014-10-09T21:13:09","date_gmt":"2014-10-09T21:13:09","guid":{"rendered":"https:\/\/auditoria.usac.edu.gt\/?page_id=453"},"modified":"2018-10-08T16:30:27","modified_gmt":"2018-10-08T16:30:27","slug":"departamento-de-presupuesto","status":"publish","type":"page","link":"https:\/\/auditoria.usac.edu.gt\/?page_id=453","title":{"rendered":"Departamento de Presupuesto"},"content":{"rendered":"<h3>1. Circulares<\/h3>\n<p><a style=\"line-height: 1.5;\" href=\"https:\/\/auditoria.usac.edu.gt\/wp-content\/uploads\/2014\/10\/5-95-informes-de-Ejecuci\u00f3n-presupuestario.pdf\">DP. 5-95 informes de ejecuci\u00f3n presupuestaria (parcialmente modificada con circular DP. 9-2013)<\/a><\/p>\n<p><a href=\"https:\/\/auditoria.usac.edu.gt\/wp-content\/uploads\/2014\/10\/9-98-Programas-Autofinanciables.pdf\">DP.9-98 Programas Autofinanciables<\/a><\/p>\n<p><a href=\"https:\/\/auditoria.usac.edu.gt\/wp-content\/uploads\/2014\/10\/4-2000-Calificaci\u00f3n-der-rengl\u00f3n-161-169.pdf\">DP. 4-2000 Calificaci\u00f3n del rengl\u00f3n 161 169<\/a><\/p>\n<p><a href=\"https:\/\/auditoria.usac.edu.gt\/wp-content\/uploads\/2014\/10\/Circular-No.-DP08-2001-registro-contable-obras.pdf\">DP-08-2001 Registro contable obras<\/a><\/p>\n<p><a href=\"https:\/\/auditoria.usac.edu.gt\/wp-content\/uploads\/2014\/10\/D-P09-2007-uso-renglon-981.pdf\">DP-09-2007 uso rengl\u00f3n 981<\/a><\/p>\n<p><a href=\"https:\/\/auditoria.usac.edu.gt\/wp-content\/uploads\/2014\/10\/3-2008-Cambio-Renglones-Presupuestarios.pdf\">DP. 3-2008 Cambio renglones presupuestarios<\/a><\/p>\n<p><a href=\"https:\/\/auditoria.usac.edu.gt\/wp-content\/uploads\/2014\/10\/5-2008-Memo-Renglones-100-y-200.pdf\">DP. 5-2008 Memo Renglones 100 y 200<\/a><\/p>\n<p><a href=\"https:\/\/auditoria.usac.edu.gt\/wp-content\/uploads\/2014\/10\/1-2009-Aplicacion-especifica-de-ejecui\u00f3n.pdf\">DP.1-2009 Aplicaci\u00f3n especifica de ejecuci\u00f3n<\/a><\/p>\n<p><a href=\"https:\/\/auditoria.usac.edu.gt\/wp-content\/uploads\/2014\/10\/2-2009-Traslado-de-disponibilidad-al-2009.pdf\">DP. 2-2009 Traslado de disponibilidad al 2009<\/a><\/p>\n<p><a href=\"https:\/\/auditoria.usac.edu.gt\/wp-content\/uploads\/2014\/10\/3-2009-informe-ejecuci\u00f3n-presupuestal-2008.pdf\">DP-2009 informe ejecuci\u00f3n presupuestaria 2008<\/a><\/p>\n<p><a href=\"https:\/\/auditoria.usac.edu.gt\/wp-content\/uploads\/2014\/10\/4-2009-nuevos-codigos-de-unidades.pdf\">DP. 4-2009 Nuevos c\u00f3digos de unidades<\/a><\/p>\n<p><a href=\"https:\/\/auditoria.usac.edu.gt\/wp-content\/uploads\/2014\/10\/5-2009-Asiganciones-a-secciones-departamentales.pdf\">DP. 5-2009 Asignaciones a secciones departamentales<\/a><\/p>\n<p><a href=\"https:\/\/auditoria.usac.edu.gt\/wp-content\/uploads\/2014\/10\/6-2009-nuevo-periodo-para-reprogramaciones.pdf\">DP. 6-2009 Nuevo per\u00edodo para reprogramaciones<\/a><\/p>\n<p><a href=\"https:\/\/auditoria.usac.edu.gt\/wp-content\/uploads\/2014\/10\/7-2009-presentacion-de-transferencia-reprogramaciones.pdf\">DP 7-2009 Presentaci\u00f3n de transferencias , reprogramaciones<\/a><\/p>\n<p><a href=\"https:\/\/auditoria.usac.edu.gt\/wp-content\/uploads\/2014\/10\/8-2009-Liquidaci\u00f3n-de-doctos-a\u00f1os-anteriores.pdf\">DP. 8-2009 Liquidaci\u00f3n de doctos a\u00f1os anteriores<\/a><\/p>\n<p><a href=\"https:\/\/auditoria.usac.edu.gt\/wp-content\/uploads\/2014\/10\/9-2009-programacion-de-Indemnizaciones-Autofi.pdf\">DP. 9-2009 Programaci\u00f3n de indemnizaciones Autofinanciables<\/a><\/p>\n<p><a href=\"https:\/\/auditoria.usac.edu.gt\/wp-content\/uploads\/2014\/10\/10-2009-Ampliacion-presupuestaria-2009.pdf\">DP. 10-2009 Ampliaci\u00f3n presupuestaria 2009<\/a><\/p>\n<p><a href=\"https:\/\/auditoria.usac.edu.gt\/wp-content\/uploads\/2014\/10\/D.P.01-10-traslado-de-superavit.pdf\">DP. 01-10 traslado de super\u00e1vit<\/a><\/p>\n<p><a href=\"https:\/\/auditoria.usac.edu.gt\/wp-content\/uploads\/2014\/10\/D.P.02-10-trasaldo-de-disponibilidad-de-2009-al-2010.pdf\">DP. 02-10 traslado de disponibilidad de 2009 al 2010<\/a><\/p>\n<p><a href=\"https:\/\/auditoria.usac.edu.gt\/wp-content\/uploads\/2014\/10\/D.P.03-10-informes-de-ejecucion-2009.pdf\">DP. 03-10 informes de ejecuci\u00f3n 2009<\/a><\/p>\n<p><a href=\"https:\/\/auditoria.usac.edu.gt\/wp-content\/uploads\/2014\/10\/D.P.04-10-Asignacion-de-presupuestos-a-carreras-que-fueron-auto.pdf\">DP. 04-10 Asignaci\u00f3n de presupuestos a carreras que fueron auto<\/a><\/p>\n<p><a href=\"https:\/\/auditoria.usac.edu.gt\/wp-content\/uploads\/2014\/10\/D.P.05-10-Asignacion-a-nuevos-centros-regionales.pdf\">D.P.05-10 Asignaci\u00f3n a nuevos centros regionales<\/a><\/p>\n<p><a href=\"https:\/\/auditoria.usac.edu.gt\/wp-content\/uploads\/2014\/10\/D.P.06-10-Traspado-de-autofinanciables-a-funcionamiento.pdf\">DP. 06-10 Traslado de autofinanciables a funcionamiento<\/a><\/p>\n<p><a href=\"https:\/\/auditoria.usac.edu.gt\/wp-content\/uploads\/2014\/10\/D.P.07-10-reprogramaciones-y-transf..pdf\">DP. 07-10 reprogramaciones y transferencias<\/a><\/p>\n<p><a href=\"https:\/\/auditoria.usac.edu.gt\/wp-content\/uploads\/2014\/10\/D.P.08-10-Calificacion-de-renglones.pdf\">DP. 08-10 Calificaci\u00f3n de renglones<\/a><\/p>\n<p><a href=\"https:\/\/auditoria.usac.edu.gt\/wp-content\/uploads\/2014\/10\/D.P.09-10-meses-para-hacer-promociones-o-reclasificaciones.pdf\">DP. 09-10 meses para hacer promociones o reclasificaciones<\/a><\/p>\n<p><a style=\"line-height: 1.5;\" href=\"https:\/\/auditoria.usac.edu.gt\/wp-content\/uploads\/2014\/10\/D.P.10-10-aplicacion-norma-especifica-3.pdf\">DP. 10-10 aplicaci\u00f3n norma especifica 3<\/a><\/p>\n<p><a style=\"line-height: 1.714285714; font-size: 1rem;\" href=\"https:\/\/auditoria.usac.edu.gt\/wp-content\/uploads\/2014\/10\/D.P.01-11.pdf\">DP. 01-11 aplicaci\u00f3n del rengl\u00f3n 991 cr\u00e9ditos en reserva<\/a><\/p>\n<p><a href=\"https:\/\/auditoria.usac.edu.gt\/wp-content\/uploads\/2014\/10\/D.P.02-11.pdf\">DP. 02-11 traslado de disponibilidad del 2010 al 2011<\/a><\/p>\n<p><a href=\"https:\/\/auditoria.usac.edu.gt\/wp-content\/uploads\/2014\/10\/D.P.03-11.pdf\">DP. 03-1 traslado de informes de ejecuci\u00f3n presupuestaria 2010<\/a><\/p>\n<p><a href=\"https:\/\/auditoria.usac.edu.gt\/wp-content\/uploads\/2014\/10\/D.P.04-11.pdf\">DP. 04-11 Asignaci\u00f3n para la carrera de pedagog\u00eda de las secciones departamentales<\/a><\/p>\n<p><a href=\"https:\/\/auditoria.usac.edu.gt\/wp-content\/uploads\/2014\/10\/D.P.05-11.pdf\">DP. 05-11 Criterios para la asignaciones a carreras de pedagog\u00eda<\/a><\/p>\n<p><a style=\"line-height: 1.714285714; font-size: 1rem;\" href=\"https:\/\/auditoria.usac.edu.gt\/wp-content\/uploads\/2014\/10\/presunetCircD.P.06-11.pdf\">DP. 06-11 Presentaci\u00f3n de solicitudes de modificaci\u00f3n Presupuestaria<\/a><\/p>\n<p><a href=\"https:\/\/auditoria.usac.edu.gt\/wp-content\/uploads\/2014\/10\/presunetCircD.P.07-11-sitema-automatizado-de-sueldos.pdf\">DP. 07-11 Sistema automatizado de sueldos<\/a><\/p>\n<p><a style=\"line-height: 1.714285714; font-size: 1rem;\" href=\"https:\/\/auditoria.usac.edu.gt\/wp-content\/uploads\/2014\/10\/Circular-D.P.-13-acuerdo-del-consejo.pdf\">DP. 13-2012 Acuerdo del consejo sobre fortalecimiento de las bibliotecas<\/a><\/p>\n<p><a href=\"https:\/\/auditoria.usac.edu.gt\/wp-content\/uploads\/2014\/10\/D.P.01-12-Reprogramaciones-grupo-0.pdf\">D P. 01-12 Reprogramaciones grupo 0<\/a><\/p>\n<p><a href=\"https:\/\/auditoria.usac.edu.gt\/wp-content\/uploads\/2014\/10\/D.P.02-12-Infor.-eje.-presupuestal-2011.pdf\">DP. 02-12 Informe \u00a0ejecuci\u00f3n \u00a0presupuestaria 2011<\/a><\/p>\n<p><a href=\"https:\/\/auditoria.usac.edu.gt\/wp-content\/uploads\/2014\/10\/D.P.03-12-Trasl.-presupuesto-al-2012.pdf\">DP. 03-12 Traslado \u00a0presupuesto al 2012<\/a><\/p>\n<p><a style=\"line-height: 1.714285714; font-size: 1rem;\" href=\"https:\/\/auditoria.usac.edu.gt\/wp-content\/uploads\/2014\/10\/cm_presuCircD.P.08-13-anteproyectos.pdf\">DP. 08-13 anteproyectos<\/a><\/p>\n<p><a href=\"https:\/\/auditoria.usac.edu.gt\/wp-content\/uploads\/2014\/10\/cm_presuCircD.P.09-2013.pdf\">DP. 09-2,013 Informes de ejecuci\u00f3n presupuestaria digital<\/a><\/p>\n<p><a href=\"https:\/\/auditoria.usac.edu.gt\/wp-content\/uploads\/2014\/10\/cm_presuCircD.P.04-14.pdf\">DP .04-14 Pago promociones docentes<\/a><\/p>\n<p><a href=\"https:\/\/auditoria.usac.edu.gt\/wp-content\/uploads\/2014\/10\/cm_presuCircD.P.05-14.pdf\">DP. 05-14 \u00a0Presentaci\u00f3n de modificaciones presupuestarias<\/a><\/p>\n<p><a href=\"https:\/\/auditoria.usac.edu.gt\/wp-content\/uploads\/2014\/10\/cm_presuCircD.P.07-14-escuela-de-vacaciones.pdf\">DP. 07-14 escuela de vacaciones<\/a><\/p>\n<p><a href=\"https:\/\/auditoria.usac.edu.gt\/wp-content\/uploads\/2018\/10\/DP-12-2017-C\u00f3digo-Presupuetario-CUNREU.pdf\">DP 12-2017 C\u00f3digo Presupuestario CUNREU<\/a><\/p>\n<p><a href=\"https:\/\/auditoria.usac.edu.gt\/wp-content\/uploads\/2018\/10\/DP-585-2018-Nuevo-Manual-de-Clasificadores-presupuestarios.pdf\">DP 585-2018 Nuevo Manual de Clasificadores presupuestarios<\/a><\/p>\n<h3>2. Memor\u00e1ndum<\/h3>\n<p><a href=\"https:\/\/auditoria.usac.edu.gt\/wp-content\/uploads\/2014\/10\/Memo01-2011.pdf\">Memor\u00e1ndum \u00a001-2,011 forma de ejecutar renglones 121 y 196<\/a><\/p>\n<p><a href=\"https:\/\/auditoria.usac.edu.gt\/wp-content\/uploads\/2014\/10\/Memorandum02-2011.pdf\">Memor\u00e1ndum 02-2,011 Incremento salarial a renglones 031 y 035<\/a><\/p>\n<p><a href=\"https:\/\/auditoria.usac.edu.gt\/wp-content\/uploads\/2014\/10\/Presentacion-de-ejecucion-presupuestal.pdf\">Memorandum 14-2013 Presentaci\u00f3n de ejecuci\u00f3n presupuestaria<\/a><\/p>\n<h3>3. Normas de Apertura<\/h3>\n<p><a href=\"https:\/\/auditoria.usac.edu.gt\/wp-content\/uploads\/2014\/10\/Normas-de-Apertura-2010.pdf\">Normas de Apertura 2010<\/a><\/p>\n<p><a href=\"https:\/\/auditoria.usac.edu.gt\/wp-content\/uploads\/2014\/10\/Normas-de-apertura-de-Presupuesto-2011.pdf\">Normas de apertura de Presupuesto 2011<\/a><\/p>\n<p><a href=\"https:\/\/auditoria.usac.edu.gt\/wp-content\/uploads\/2014\/10\/Acta-No.-24-2011-Normas-Apertura-2012.pdf\">Acta No. 24-2011 Normas apertura 2012<\/a><\/p>\n<p><a href=\"https:\/\/auditoria.usac.edu.gt\/wp-content\/uploads\/2014\/10\/presunetpuntoCUARTO4.1.14.1Acta23-2012Aprobacionpresupuesto2013.pdf\">Acta 23-2012, Normas \u00a0de apertura 2013<\/a><\/p>\n<p><a href=\"https:\/\/auditoria.usac.edu.gt\/wp-content\/uploads\/2014\/10\/Normas-de-apertura-2015.pdf\">Acta 22-2014 Normas de apertura 2015<\/a><\/p>\n<p><a href=\"https:\/\/auditoria.usac.edu.gt\/wp-content\/uploads\/2014\/10\/Normas-de-ejecuci\u00f2n-presupuesto-2016.pdf\">Acta 29-2015 Normas de ejecuci\u00f3n presupuesto 2016<\/a><\/p>\n<p><a href=\"https:\/\/auditoria.usac.edu.gt\/wp-content\/uploads\/2014\/10\/Acta-01-2016-Revisi\u00f3n-a-las-Normas-de-Apertura-2016.pdf\" rel=\"\">Acta 01-2016 Revisi\u00f3n a las Normas de Apertura 2016<\/a><\/p>\n<p><a href=\"https:\/\/auditoria.usac.edu.gt\/wp-content\/uploads\/2014\/10\/Acta-23-2016-\u00fcnto-CUARTO-inciso-4.1-Normas-Espec\u00edficas-de-Ejecuci\u00f3n-Presupuestarias-2017.pdf\" rel=\"\">Acta 23-2016 punto CUARTO inciso 4.1 Normas Espec\u00edficas de Ejecuci\u00f3n Presupuestarias 2017<\/a><\/p>\n<h3>4. Gu\u00edas de Cierre<\/h3>\n<p><a href=\"https:\/\/auditoria.usac.edu.gt\/wp-content\/uploads\/2014\/10\/manualesGUIASDECIERREANO2009-CONMODIF.DELEYDECONTRAT.23-09-09.pdf\">Gu\u00edas de Cierre 2009<\/a><\/p>\n<p><a href=\"https:\/\/auditoria.usac.edu.gt\/wp-content\/uploads\/2014\/10\/Guias-de-Cierre-2010.pdf\">Gu\u00edas de Cierre 2010<\/a><\/p>\n<p><a href=\"https:\/\/auditoria.usac.edu.gt\/wp-content\/uploads\/2014\/10\/CIRCULAR-DGF-027-022A-2011-GUIAS-DE-CIERRE-DE-OPERACIONES-2011.pdf\">Gu\u00edas de cierre 2011<\/a><\/p>\n<p><a href=\"https:\/\/auditoria.usac.edu.gt\/wp-content\/uploads\/2014\/10\/Copia-de-RESUMEN-GUIAS-DE-CIERRE-2012.xlsx\">Resumen gu\u00edas de cierre 2012<\/a><\/p>\n<p><a href=\"https:\/\/auditoria.usac.edu.gt\/wp-content\/uploads\/2014\/10\/Copia-de-RESUMEN-GUIAS-DE-CIERRE-DOS.xlsx\">Resumen gu\u00edas de cierre 2013<\/a><\/p>\n<p><span style=\"line-height: 1.714285714; font-size: 1rem;\">G<\/span><a style=\"line-height: 1.714285714; font-size: 1rem;\" href=\"https:\/\/auditoria.usac.edu.gt\/wp-content\/uploads\/2014\/10\/guiasdecierre2013.pdf\">u\u00edas de cierre 2013<\/a><\/p>\n<p><a href=\"https:\/\/auditoria.usac.edu.gt\/wp-content\/uploads\/2014\/10\/Guias-para-el-cierre-de-operaciones-presupuesto-contables-del-ejercicio-2014.pdf\">Gu\u00edas de cierre 2014<\/a><\/p>\n<p><a href=\"https:\/\/auditoria.usac.edu.gt\/wp-content\/uploads\/2014\/10\/guias-de-cierre-2016.pdf\" rel=\"\">Gu\u00edas de cierre 2016<\/a><\/p>\n<h3>\u00a05. Tasa estudiantil<\/h3>\n<p><a href=\"https:\/\/auditoria.usac.edu.gt\/wp-content\/uploads\/2014\/10\/Tasa-estudiantil-2009.pdf\">Tasa estudiantil 2009<\/a><\/p>\n<p><a href=\"https:\/\/auditoria.usac.edu.gt\/wp-content\/uploads\/2014\/10\/Tasa-Estu.-2011.pdf\">Tasa estudiantil 2011<\/a><\/p>\n<p><a href=\"https:\/\/auditoria.usac.edu.gt\/wp-content\/uploads\/2014\/10\/Tasa_Estudiantil_2012.xls.pdf\">Tasa_estudiantil_2012.xls<\/a><\/p>\n<p><a href=\"https:\/\/auditoria.usac.edu.gt\/wp-content\/uploads\/2014\/10\/Tasa_Estudiantil-2014.xlsx.pdf\">Tasa_estudiantil 2014.xlsx<\/a><\/p>\n<p><a href=\"https:\/\/auditoria.usac.edu.gt\/wp-content\/uploads\/2018\/10\/TASA-ESTUDIANTIL-2014-A-2017.pdf\">TASA ESTUDIANTIL 2014 A 2017<\/a><\/p>\n<h3>\u00a06. Manuales, instructivos y otros<\/h3>\n<p><a href=\"https:\/\/auditoria.usac.edu.gt\/wp-content\/uploads\/2014\/10\/Manual-Clasif-del-Gasto.pdf\">Manual Clasificaci\u00f3n del Gasto<\/a><\/p>\n<p><a href=\"https:\/\/auditoria.usac.edu.gt\/wp-content\/uploads\/2014\/10\/Transf.-Auto-SIIF.pdf\">Manual Transferencia \u00a0Autom\u00e1tica SIIF<\/a><\/p>\n<p><a href=\"https:\/\/auditoria.usac.edu.gt\/wp-content\/uploads\/2014\/10\/Instr.-modif.-y-ejec.-del-presupuesto.pdf\">Instructivo de \u00a0modificaci\u00f3n y ejecuci\u00f3n del presupuesto<\/a><\/p>\n<p><a href=\"https:\/\/auditoria.usac.edu.gt\/wp-content\/uploads\/2014\/10\/Normas_Presupuestales.pdf\">Normas que regulan la elaboraci\u00f3n y ejecuci\u00f3n de la USAC<\/a><\/p>\n<p><span style=\"line-height: 1.714285714; font-size: 1rem;\">D<\/span><a style=\"line-height: 1.714285714; font-size: 1rem;\" href=\"https:\/\/auditoria.usac.edu.gt\/wp-content\/uploads\/2014\/10\/decreto-54-2010-presup.-2011.pdf\">ecreto 54-2010 presupuesto del 2011<\/a><\/p>\n","protected":false},"excerpt":{"rendered":"<p>1. Circulares DP. 5-95 informes de ejecuci\u00f3n presupuestaria (parcialmente modificada con circular DP. 9-2013) DP.9-98 Programas Autofinanciables DP. 4-2000 Calificaci\u00f3n del rengl\u00f3n 161 169 DP-08-2001 Registro contable obras DP-09-2007 uso rengl\u00f3n 981 DP. 3-2008 Cambio renglones presupuestarios DP. 5-2008 Memo<\/p>\n","protected":false},"author":3,"featured_media":0,"parent":14,"menu_order":16,"comment_status":"open","ping_status":"closed","template":"","meta":{"footnotes":""},"class_list":["post-453","page","type-page","status-publish","hentry"],"_links":{"self":[{"href":"https:\/\/auditoria.usac.edu.gt\/index.php?rest_route=\/wp\/v2\/pages\/453","targetHints":{"allow":["GET"]}}],"collection":[{"href":"https:\/\/auditoria.usac.edu.gt\/index.php?rest_route=\/wp\/v2\/pages"}],"about":[{"href":"https:\/\/auditoria.usac.edu.gt\/index.php?rest_route=\/wp\/v2\/types\/page"}],"author":[{"embeddable":true,"href":"https:\/\/auditoria.usac.edu.gt\/index.php?rest_route=\/wp\/v2\/users\/3"}],"replies":[{"embeddable":true,"href":"https:\/\/auditoria.usac.edu.gt\/index.php?rest_route=%2Fwp%2Fv2%2Fcomments&post=453"}],"version-history":[{"count":25,"href":"https:\/\/auditoria.usac.edu.gt\/index.php?rest_route=\/wp\/v2\/pages\/453\/revisions"}],"predecessor-version":[{"id":1765,"href":"https:\/\/auditoria.usac.edu.gt\/index.php?rest_route=\/wp\/v2\/pages\/453\/revisions\/1765"}],"up":[{"embeddable":true,"href":"https:\/\/auditoria.usac.edu.gt\/index.php?rest_route=\/wp\/v2\/pages\/14"}],"wp:attachment":[{"href":"https:\/\/auditoria.usac.edu.gt\/index.php?rest_route=%2Fwp%2Fv2%2Fmedia&parent=453"}],"curies":[{"name":"wp","href":"https:\/\/api.w.org\/{rel}","templated":true}]}}