{"id":785,"date":"2014-10-10T19:01:22","date_gmt":"2014-10-10T19:01:22","guid":{"rendered":"https:\/\/auditoria.usac.edu.gt\/?page_id=785"},"modified":"2014-10-10T19:01:39","modified_gmt":"2014-10-10T19:01:39","slug":"base-legal","status":"publish","type":"page","link":"https:\/\/auditoria.usac.edu.gt\/?page_id=785","title":{"rendered":"Base legal"},"content":{"rendered":"<h4 style=\"text-align: justify;\">DE SU FUNDACI\u00d3N<\/h4>\n<h4 style=\"text-align: justify;\">En cuanto a la creaci\u00f3n de Auditor\u00eda Interna de la Universidad de San Carlos de Guatemala, \u00fanicamente se logr\u00f3 determinar que en el Tomo No. 48 de Controles del Archivo General de la Universidad de San Carlos \u2013AGUSAC-, en la correspondencia de Rector\u00eda \u201cOrdenes Varias\u201d del Rector, Dr. Carlos Mart\u00ednez Dur\u00e1n, Rector del a\u00f1o 1946, en el folio del 7 de marzo de 1946 del TRIBUNAL Y DIRECCION DE CUENTAS, se hace saber al Se\u00f1or Rector que el Honorable Consejo Superior Universitario, tuvo a bi\u00e9n nombrar al Se\u00f1or Doctor Don Rafael Ramos Bosch, Auditor de la Universidad Aut\u00f3noma de San Carlos, qui\u00e9n tom\u00f3 posesi\u00f3n del cargo desde el d\u00eda primero del mes de marzo de 1947.<\/h4>\n<h4 style=\"text-align: justify;\">DE SU INTERVENCI\u00d3N<\/h4>\n<h4 style=\"text-align: justify;\">La Auditor\u00eda Interna, es la unidad responsable de revisar todas las operaciones contables, financieras y administrativas de la Universidad de San Carlos de Guatemala, de conformidad con el Art\u00edculo 131 del Estatuto de la Universidad de San Carlos de <i>Guatemala le corresponde auditar la administraci\u00f3n y contabilidad de la Universidad de San Carlos de Guatemala.<\/i><\/h4>\n","protected":false},"excerpt":{"rendered":"<p>DE SU FUNDACI\u00d3N En cuanto a la creaci\u00f3n de Auditor\u00eda Interna de la Universidad de San Carlos de Guatemala, \u00fanicamente se logr\u00f3 determinar que en el Tomo No. 48 de Controles del Archivo General de la Universidad de San Carlos<\/p>\n","protected":false},"author":2,"featured_media":0,"parent":2,"menu_order":3,"comment_status":"open","ping_status":"open","template":"","meta":{"footnotes":""},"class_list":["post-785","page","type-page","status-publish","hentry"],"_links":{"self":[{"href":"https:\/\/auditoria.usac.edu.gt\/index.php?rest_route=\/wp\/v2\/pages\/785","targetHints":{"allow":["GET"]}}],"collection":[{"href":"https:\/\/auditoria.usac.edu.gt\/index.php?rest_route=\/wp\/v2\/pages"}],"about":[{"href":"https:\/\/auditoria.usac.edu.gt\/index.php?rest_route=\/wp\/v2\/types\/page"}],"author":[{"embeddable":true,"href":"https:\/\/auditoria.usac.edu.gt\/index.php?rest_route=\/wp\/v2\/users\/2"}],"replies":[{"embeddable":true,"href":"https:\/\/auditoria.usac.edu.gt\/index.php?rest_route=%2Fwp%2Fv2%2Fcomments&post=785"}],"version-history":[{"count":2,"href":"https:\/\/auditoria.usac.edu.gt\/index.php?rest_route=\/wp\/v2\/pages\/785\/revisions"}],"predecessor-version":[{"id":787,"href":"https:\/\/auditoria.usac.edu.gt\/index.php?rest_route=\/wp\/v2\/pages\/785\/revisions\/787"}],"up":[{"embeddable":true,"href":"https:\/\/auditoria.usac.edu.gt\/index.php?rest_route=\/wp\/v2\/pages\/2"}],"wp:attachment":[{"href":"https:\/\/auditoria.usac.edu.gt\/index.php?rest_route=%2Fwp%2Fv2%2Fmedia&parent=785"}],"curies":[{"name":"wp","href":"https:\/\/api.w.org\/{rel}","templated":true}]}}